est common divisor of 2907 and 112005?
171
What is the greatest common factor of 1148132 and 7144?
76
Calculate the highest common factor of 2806159 and 948.
79
What is the greatest common factor of 1191546395 and 52?
13
Calculate the highest common divisor of 4448 and 133579000.
1112
What is the highest common divisor of 7565 and 1438540?
85
What is the highest common divisor of 77945224 and 42?
14
What is the greatest common factor of 72626059 and 4308?
359
What is the greatest common divisor of 3492540 and 1380?
60
Calculate the greatest common divisor of 867 and 1247205.
51
Calculate the greatest common divisor of 596 and 120732.
4
Calculate the greatest common factor of 218152 and 2702073.
407
What is the highest common divisor of 420513 and 9?
3
What is the highest common divisor of 42237345 and 372?
93
What is the highest common factor of 2767524 and 50100?
2004
What is the highest common divisor of 610324 and 5533268?
5044
Calculate the highest common divisor of 203528 and 57577.
1339
What is the greatest common divisor of 1442667 and 4107?
111
What is the greatest common factor of 292542 and 1014?
6
Calculate the greatest common divisor of 238 and 15914066.
14
What is the greatest common factor of 235475552 and 3328?
416
Calculate the highest common divisor of 14792 and 344.
344
What is the greatest common factor of 741 and 12253293?
39
What is the greatest common factor of 13072 and 1566056?
152
Calculate the highest common divisor of 56 and 4338376.
56
What is the greatest common divisor of 1275 and 13321625?
425
What is the greatest common divisor of 42409976 and 12768?
1064
Calculate the highest common divisor of 622685 and 5565.
35
Calculate the greatest common factor of 53839070 and 3330.
370
Calculate the greatest common factor of 280 and 15034160.
40
What is the greatest common factor of 2179856 and 21?
7
What is the highest common divisor of 15661023 and 10017?
1113
What is the greatest common divisor of 381372183 and 7274?
3637
What is the highest common divisor of 62892955 and 16915?
995
What is the highest common divisor of 117 and 131598?
9
What is the greatest common divisor of 82 and 31744660?
82
Calculate the highest common factor of 25267405 and 22181.
541
Calculate the greatest common divisor of 52 and 7295275.
13
Calculate the greatest common divisor of 159 and 78728691.
159
What is the highest common divisor of 6778104 and 35022?
2694
What is the highest common factor of 16997 and 49772?
23
Calculate the greatest common divisor of 4852 and 5823613.
1213
Calculate the highest common divisor of 18323628 and 1808.
452
Calculate the highest common factor of 23012268 and 132.
12
What is the highest common divisor of 333601908 and 12?
12
Calculate the greatest common factor of 85980479 and 78.
13
Calculate the highest common divisor of 1755433 and 5055.
337
Calculate the greatest common factor of 385630461 and 4815.
963
What is the highest common factor of 285 and 122612225?
95
Calculate the greatest common factor of 7512 and 153605376.
7512
What is the greatest common factor of 2955 and 349905?
15
What is the greatest common factor of 6896 and 36437602?
862
Calculate the greatest common divisor of 28237 and 16554583.
2567
What is the highest common factor of 6552 and 35660352?
2184
Calculate the greatest common divisor of 13928714 and 304698.
2362
Calculate the highest common divisor of 5633504 and 224.
32
Calculate the greatest common divisor of 151062 and 3349.
17
What is the highest common factor of 1080 and 10305720?
360
Calculate the greatest common divisor of 29795 and 54221.
59
Calculate the highest common factor of 924 and 12912396.
84
Calculate the highest common factor of 28911018 and 6.
6
Calculate the greatest common divisor of 15 and 30643365.
15
Calculate the highest common divisor of 9352625 and 375.
125
What is the greatest common factor of 25571 and 3210144?
1967
What is the greatest common factor of 189 and 42811965?
63
Calculate the highest common divisor of 636 and 14209830.
318
What is the highest common factor of 2297194 and 184?
46
What is the greatest common divisor of 4324208 and 3360?
112
What is the greatest common factor of 14205125 and 375?
125
Calculate the greatest common divisor of 42 and 328046852.
14
What is the greatest common divisor of 2946477 and 12455?
47
Calculate the greatest common factor of 7985234 and 1358.
194
Calculate the greatest common divisor of 49324 and 7380428.
2596
Calculate the highest common divisor of 180 and 22307535.
45
Calculate the greatest common divisor of 106775 and 7850.
25
Calculate the greatest common divisor of 219061 and 4557259.
439
What is the highest common factor of 188 and 842956468?
188
Calculate the highest common factor of 259439 and 341.
31
What is the highest common factor of 6803730 and 2520?
90
What is the greatest common factor of 1060 and 9274682?
106
What is the greatest common factor of 308535 and 916225?
335
What is the greatest common divisor of 8051 and 71101?
97
What is the highest common factor of 692 and 51913321?
173
Calculate the highest common factor of 1853320 and 145600.
280
What is the greatest common factor of 3811500 and 480?
60
Calculate the highest common divisor of 258972 and 180.
12
What is the greatest common divisor of 1643652 and 16?
4
What is the highest common factor of 49 and 93474311?
49
Calculate the highest common divisor of 88471916 and 1239.
59
What is the highest common divisor of 650 and 17071977?
13
What is the greatest common divisor of 6761 and 1781401802?
6761
Calculate the greatest common divisor of 6996 and 216814202.
1166
Calculate the greatest common factor of 2732461 and 1139.
1139
Calculate the highest common factor of 246 and 606759.
123
What is the highest common divisor of 25553 and 3099503?
253
What is the highest common factor of 40 and 4483180?
20
What is the highest common factor of 32 and 103726952?
8
Calculate the greatest common divisor of 81317 and 147278.
349
What is the highest common divisor of 38857 and 32025?
427
Calculate the greatest common factor of 864 and 3864768.
96
What is the highest common factor of 22814 and 1464122?
1342
Calculate the greatest common factor of 113754 and 582.
6
Calculate the highest common factor of 4327116 and 12.
12
Calculate the highest common factor of 2238 and 32934.
6
What is the greatest common divisor of 8628789 and 156?
39
Calculate the highest common divisor of 2480522 and 411.
137
What is the greatest common divisor of 61 and 16167623?
61
Calculate the greatest common divisor of 9096451 and 455.
91
What is the greatest common factor of 150 and 66524750?
50
What is the highest common factor of 110778 and 1014?
6
Calculate the greatest common factor of 190 and 6300.
10
What is the highest common factor of 121577120 and 511?
511
What is the greatest common divisor of 176718102 and 5214?
5214
Calculate the highest common divisor of 141105 and 805.
115
What is the highest common factor of 1034770 and 6325?
1265
Calculate the highest common divisor of 4392674 and 3718.
286
What is the greatest common factor of 169 and 3119012?
13
Calculate the greatest common factor of 211133182 and 13.
13
What is the greatest common divisor of 1935848 and 712?
8
What is the highest common factor of 473 and 5018659?
43
Calculate the highest common divisor of 100204 and 668628.
164
Calculate the greatest common factor of 52 and 46979348.
52
What is the greatest common divisor of 12497696 and 224?
32
What is the highest common factor of 50138183 and 23?
23
What is the highest common divisor of 45799 and 29539?
271
Calculate the greatest common divisor of 1649172 and 2114.
14
Calculate the greatest common factor of 1787 and 76690892.
1787
Calculate the highest common factor of 141087 and 981147.
1077
What is the highest common factor of 156 and 22039940?
52
What is the greatest common divisor of 9827 and 33759?
31
Calculate the highest common factor of 2880 and 2340.
180
Calculate the greatest common factor of 13776473 and 23584.
67
What is the highest common divisor of 54306 and 4802?
14
Calculate the highest common divisor of 153576234 and 798.
42
Calculate the highest common divisor of 956790 and 98010.
90
Calculate the highest common factor of 1834209 and 626